470642?
False
Is 19839202 a multiple of 260?
False
Does 3 divide 82021?
False
Is 23040 a multiple of 10?
True
Does 16 divide 7461440?
True
Does 22 divide 806748?
False
Is 70278 a multiple of 422?
False
Is 27 a factor of 1589274?
True
Does 190 divide 152051?
False
Does 11 divide 3909723?
False
Is 85 a factor of 13457514?
False
Is 8 a factor of 96621?
False
Is 952 a multiple of 4?
True
Is 54252 a multiple of 2?
True
Is 4834567 a multiple of 1365?
False
Does 65 divide 1761760?
True
Is 855535 a multiple of 431?
True
Is 2772247 a multiple of 55?
False
Does 36 divide 113796?
True
Is 4 a factor of 409396?
True
Is 332520 a multiple of 102?
True
Does 73 divide 349524?
True
Is 1795119 a multiple of 489?
True
Does 403 divide 1286376?
True
Does 23 divide 586408?
True
Is 2290662 a multiple of 13?
False
Is 1124 a factor of 16454827?
False
Is 359 a factor of 785492?
True
Is 64960 a multiple of 20?
True
Does 245 divide 14524676?
False
Is 206281 a multiple of 235?
False
Does 49 divide 648796?
False
Is 54 a factor of 168480?
True
Is 64 a factor of 1956618?
False
Is 346 a factor of 455682?
True
Does 35 divide 5703425?
True
Is 103955 a multiple of 17?
True
Is 699639 a multiple of 4?
False
Is 1150501 a multiple of 240?
False
Is 627 a factor of 4471663?
False
Does 18 divide 74782?
False
Does 170 divide 2383857?
False
Is 164 a factor of 102636?
False
Does 416 divide 2993609?
False
Is 472163 even?
False
Does 219 divide 8913957?
True
Is 175521 a multiple of 123?
True
Is 33338 a multiple of 158?
True
Does 88 divide 2009157?
False
Is 8111320 a multiple of 59?
True
Does 197 divide 3493992?
True
Does 5 divide 599455?
True
Is 3245161 a multiple of 283?
True
Is 128 a factor of 403712?
True
Is 113 a factor of 899509?
False
Is 9948605 a multiple of 1033?
False
Is 2299992 a multiple of 24?
True
Does 64 divide 229568?
True
Does 10 divide 168279?
False
Is 137624 a multiple of 11?
False
Is 15 a factor of 2062127?
False
Does 401 divide 188069?
True
Is 150533 even?
False
Is 5 a factor of 670993?
False
Does 11 divide 3845486?
False
Is 141491 a multiple of 203?
True
Does 375 divide 18744750?
True
Does 11 divide 154110?
True
Is 1256969 a multiple of 298?
False
Is 636 a factor of 15668496?
True
Does 30 divide 384360?
True
Does 67 divide 44622?
True
Does 16 divide 335306?
False
Is 479374 a multiple of 706?
True
Is 17 a factor of 55764?
False
Is 62 a factor of 133796?
True
Is 149994 a multiple of 36?
False
Is 157 a factor of 362668?
False
Is 473 a factor of 2768376?
False
Is 29918179 a multiple of 274?
False
Is 21 a factor of 1169047?
False
Does 36 divide 19391004?
True
Is 194886 a multiple of 178?
False
Is 323 a factor of 1106598?
True
Is 7149909 a multiple of 767?
False
Does 31 divide 6237126?
False
Is 2467881 a multiple of 27?
True
Is 10 a factor of 507580?
True
Is 3546315 a multiple of 327?
True
Is 23265 a multiple of 165?
True
Does 50 divide 4672032?
False
Does 1393 divide 5144455?
False
Does 98 divide 67098?
False
Is 3827725 a multiple of 11?
True
Is 16230 a multiple of 30?
True
Is 118515 a multiple of 58?
False
Is 15161 a multiple of 25?
False
Does 10 divide 1158859?
False
Is 208 a factor of 131388?
False
Is 38 a factor of 723368?
True
Is 11 a factor of 564652?
True
Does 175 divide 837725?
True
Is 72 a factor of 51840?
True
Is 5 a factor of 18075?
True
Is 259 a factor of 1578605?
True
Does 205 divide 184748?
False
Is 97 a factor of 156461?
True
Is 1609 a factor of 20337760?
True
Is 32 a factor of 8192?
True
Is 171 a factor of 4415532?
False
Does 47 divide 3167706?
True
Is 21 a factor of 3257456?
False
Is 777 a factor of 9972018?
True
Does 13 divide 1840982?
True
Is 25 a factor of 12337025?
True
Is 23622 a multiple of 170?
False
Is 593924 a multiple of 7?
False
Is 86 a factor of 45752?
True
Does 82 divide 8906613?
False
Is 439620 a multiple of 510?
True
Is 64 a factor of 8316?
False
Is 19815 a multiple of 9?
False
Does 193 divide 410125?
True
Does 19 divide 180728?
True
Is 42 a factor of 1220982?
True
Is 1463160 a multiple of 24?
True
Is 60 a factor of 56284?
False
Is 9 a factor of 48951?
True
Is 527806 a multiple of 24?
False
Is 658240 a multiple of 340?
True
Is 229 a factor of 1287209?
True
Is 9 a factor of 61065?
True
Does 5 divide 115160?
True
Is 44208 a multiple of 36?
True
Does 16 divide 21488?
True
Is 12 a factor of 338340?
True
Is 373 a factor of 3977299?
True
Does 23 divide 184544?
False
Does 19 divide 1110683?
True
Is 7 a factor of 402097?
False
Is 171 a factor of 63783?
True
Does 106 divide 145688?
False
Is 329 a factor of 129311?
False
Is 6301056 a multiple of 488?
True
Is 31568046 a multiple of 2575?
False
Is 14 a factor of 206742?
False
Does 11 divide 162481?
True
Is 57 a factor of 8241219?
False
Is 318 a factor of 154528?
False
Is 15299 a multiple of 14?
False
Is 15 a factor of 43335?
True
Is 214 a factor of 1510840?
True
Is 15 a factor of 4124100?
True
Does 6 divide 82980?
True
Does 433 divide 413034?
False
Is 9 a factor of 3207123?
True
Is 93 a factor of 474940?
False
Is 12397683 a multiple of 198?
False
Does 25 divide 400425?
True
Does 591 divide 1780817?
False
Is 152525 a multiple of 45?
False
Is 14 a factor of 947288?
False
Does 13 divide 2701112?
False
Does 31 divide 8193?
False
Is 717 a factor of 15733131?
True
Does 3 divide 1890831?
True
Is 363 a factor of 936233?
False
Does 14 divide 1705449?
False
Does 19 divide 1059820?
True
Is 28581252 a multiple of 59?
True
Is 148488 a multiple of 14?
False
Does 29 divide 1267938?
True
Is 394 a factor of 10929954?
True
Does 8 divide 33184?
True
Does 41 divide 2999232?
True
Is 838936 a multiple of 497?
True
Is 2 a factor of 252817?
False
Is 7575 a multiple of 303?
True
Is 101 a factor of 4067085?
False
Is 3664 a multiple of 16?
True
Does 18 divide 12816?
True
Is 215215 a multiple of 7?
True
Is 28 a factor of 3575597?
False
Is 38654128 a multiple of 38?
False
Does 37 divide 13653?
True
Is 11 a factor of 48473?
False
Is 197775 a multiple of 7?
False
Is 75056 a multiple of 309?
False
Is 130 a factor of 34710?
True
Does 311 divide 12499090?
True
Is 507 a factor of 2151708?
True
Does 88 divide 89746?
False
Is 27 a factor of 8296?
False
Does 652 divide 387298?
False
Does 35 divide 1534015?
True
Is 17 a factor of 1954932?
True
Is 557450 a multiple of 50?
True
Is 22768 a multiple of 4?
True
Does 208 divide 21424?
True
Is 297709 a multiple of 82?
False
Is 200834 a multiple of 58?
False
Is 4062229 a multiple of 7?
False
Is 647 a factor of 11318618?
True
Is 2440838 a multiple of 17?
False
Is 66 a factor of 11674?
False
Is 36 a factor of 14980870?
False
Does 23 divide 75302?
True
Is 8336 a multiple of 19?
False
Does 6 divide 82320?
True
Is 869549 a multiple of 10?
False
Does 10 divide 169400?
True
Is 2264864 a multiple of 273?
False
Is 875476 a multiple of 27?
False
Does 390 divide 1535696?
False
Does 275 divide 132000?
True
Does 1187 divide 4673219?
True
Is 29171 a multiple of 14?
False
Is 235368 a multiple of 168?
True
Does 92 divide 562034?
False
Is 15962 a multiple of 23?
True
Does 14 divide 864122?
True
Does 798 divide 1172270?
False
Is 964774 a multiple of 11?
False
Is 121992 a multiple of 12?
True
Does 28 divide 2363749?
False
Does 25 divide 1271227?
False
Does 11 divide 21924?
False
Is 9634933 a multiple of 11?
True
Is 226687 a multiple of 91?
False
Does 314 divide 157628?
True
Is 16 a factor of 179872?
True
Is 21 a factor of 19550142?
False
Is 753301 a multiple of 12?
False
Does 95 divide 23417310?
True
Is 53 a factor of 14416?
True
Is 219 a factor of 294337?
False
Does 40 divide 114922?
False
Is 466 a factor of 5027674?
True
Does 245 divide 380240?
True
Does 16 divide 2898471?
False
Does 5 divide 53765?
True
Does 44 divide 34630?
False
Is 273 a factor of 107155?
False
Does 331 divide 247588?
True
Is 63654 a multiple of 206?
True
Does 5 divide 38770?
True
Is 11 a factor of 711218?
False
Is 8449680 a multiple of 190?
True
Is 3 a factor of 55715?
False
Is 16249546 a multiple of 23?
True
Is 46 a factor of 21514?
False
Is 14130378 a multiple of 244?
False
Is 2013540 a multiple of 185?
True
Is 16 a factor of 8394032?
True
Does 46 divide 140116?
True
Is 78 a factor of 112022?
False
Does 1251 divide 7952607?
True
Does 8 divide 2777501?
False
Is 7071911 a multiple of 29?
True
Is 3504818 a multiple of 30?
False
Is 16606752 a mul